{"id":26,"date":"2021-05-25T10:14:21","date_gmt":"2021-05-25T10:14:21","guid":{"rendered":"https:\/\/marinahernandez.es\/index.php\/biography\/"},"modified":"2022-03-06T19:23:43","modified_gmt":"2022-03-06T19:23:43","slug":"bio","status":"publish","type":"page","link":"https:\/\/marinahernandez.es\/index.php\/bio\/","title":{"rendered":"Bio"},"content":{"rendered":"\t\t<div data-elementor-type=\"wp-page\" data-elementor-id=\"26\" class=\"elementor elementor-26\">\n\t\t\t\t\t\t\t\t\t<section class=\"elementor-section elementor-top-section elementor-element elementor-element-25d7bf2 elementor-section-boxed elementor-section-height-default elementor-section-height-default\" data-id=\"25d7bf2\" data-element_type=\"section\" data-settings=\"{&quot;background_background&quot;:&quot;classic&quot;}\">\n\t\t\t\t\t\t<div class=\"elementor-container elementor-column-gap-default\">\n\t\t\t\t\t<div class=\"elementor-column elementor-col-100 elementor-top-column elementor-element elementor-element-57914f8\" data-id=\"57914f8\" data-element_type=\"column\">\n\t\t\t<div class=\"elementor-widget-wrap elementor-element-populated\">\n\t\t\t\t\t\t\t\t<div class=\"elementor-element elementor-element-d73b204 elementor-widget elementor-widget-heading\" data-id=\"d73b204\" data-element_type=\"widget\" data-widget_type=\"heading.default\">\n\t\t\t\t<div class=\"elementor-widget-container\">\n\t\t\t<style>\/*! elementor - v3.11.1 - 15-02-2023 *\/\n.elementor-heading-title{padding:0;margin:0;line-height:1}.elementor-widget-heading .elementor-heading-title[class*=elementor-size-]>a{color:inherit;font-size:inherit;line-height:inherit}.elementor-widget-heading .elementor-heading-title.elementor-size-small{font-size:15px}.elementor-widget-heading .elementor-heading-title.elementor-size-medium{font-size:19px}.elementor-widget-heading .elementor-heading-title.elementor-size-large{font-size:29px}.elementor-widget-heading .elementor-heading-title.elementor-size-xl{font-size:39px}.elementor-widget-heading .elementor-heading-title.elementor-size-xxl{font-size:59px}<\/style><h2 class=\"elementor-heading-title elementor-size-default\">Bio<\/h2>\t\t<\/div>\n\t\t\t\t<\/div>\n\t\t\t\t\t<\/div>\n\t\t<\/div>\n\t\t\t\t\t\t\t<\/div>\n\t\t<\/section>\n\t\t\t\t<section class=\"elementor-section elementor-top-section elementor-element elementor-element-4140cb6 elementor-section-height-min-height elementor-section-boxed elementor-section-height-default elementor-section-items-middle\" data-id=\"4140cb6\" data-element_type=\"section\" data-settings=\"{&quot;background_background&quot;:&quot;classic&quot;}\">\n\t\t\t\t\t\t\t<div class=\"elementor-background-overlay\"><\/div>\n\t\t\t\t\t\t\t<div class=\"elementor-container elementor-column-gap-no\">\n\t\t\t\t\t<div class=\"elementor-column elementor-col-100 elementor-top-column elementor-element elementor-element-9500cc8\" data-id=\"9500cc8\" data-element_type=\"column\">\n\t\t\t<div class=\"elementor-widget-wrap elementor-element-populated\">\n\t\t\t\t\t\t\t\t<div class=\"elementor-element elementor-element-fcc0768 elementor-widget elementor-widget-text-editor\" data-id=\"fcc0768\" data-element_type=\"widget\" data-widget_type=\"text-editor.default\">\n\t\t\t\t<div class=\"elementor-widget-container\">\n\t\t\t<style>\/*! elementor - v3.11.1 - 15-02-2023 *\/\n.elementor-widget-text-editor.elementor-drop-cap-view-stacked .elementor-drop-cap{background-color:#818a91;color:#fff}.elementor-widget-text-editor.elementor-drop-cap-view-framed .elementor-drop-cap{color:#818a91;border:3px solid;background-color:transparent}.elementor-widget-text-editor:not(.elementor-drop-cap-view-default) .elementor-drop-cap{margin-top:8px}.elementor-widget-text-editor:not(.elementor-drop-cap-view-default) .elementor-drop-cap-letter{width:1em;height:1em}.elementor-widget-text-editor .elementor-drop-cap{float:left;text-align:center;line-height:1;font-size:50px}.elementor-widget-text-editor .elementor-drop-cap-letter{display:inline-block}<\/style>\t\t\t\t<p>Nacida en Madrid, se licenci\u00f3 en Arte Dram\u00e1tico en la Escuela Superior de M\u00e1laga.<\/p><p>Con una dilatada trayectoria en teatro, entre los que destacan sus trabajos en montajes como \u201cSolas\u201d (Producida por Centro Andaluz de Teatro y Pentaci\u00f3n) y \u201cBodas de Sangre\u201d (Producida por el Centro Andaluz de Teatro y el Centro Dram\u00e1tico Nacional), dirigidas ambas por el reconocido director, Jos\u00e9 Carlos Plaza.<\/p><p>En el a\u00f1o 2000 fund\u00f3, junto con otras compa\u00f1eras, la compa\u00f1\u00eda \u201cMandr\u00e1gora Teatro\u201d, con las que produjeron obras para p\u00fablico de distintas edades. Se caracterizaron por sus espect\u00e1culos de cr\u00edtica social desde un humor surrealista. \u00a0<\/p><p>En audiovisual ha trabajado en series como \u201cLos Serrano\u201d, \u201cToy Boy\u201d, \u201cMalaka\u201d y \u201cMar de Pl\u00e1stico\u201d, entre otras. \u00a0<\/p><p>En cine ha participado en el rodaje de \u201cLa Piedad\u201d, de la mano del actor\/director Eduardo Casanova.<\/p><p>Actualmente sigue su entrenamiento asistiendo a cursos de interpretaci\u00f3n y masterclass de la mano de los m\u00e1s reconocidos directores de cine y casting del pa\u00eds.<\/p>\t\t\t\t\t\t<\/div>\n\t\t\t\t<\/div>\n\t\t\t\t<div class=\"elementor-element elementor-element-f76f9df elementor-align-center elementor-widget elementor-widget-button\" data-id=\"f76f9df\" data-element_type=\"widget\" data-widget_type=\"button.default\">\n\t\t\t\t<div class=\"elementor-widget-container\">\n\t\t\t\t\t<div class=\"elementor-button-wrapper\">\n\t\t\t<a href=\"https:\/\/marinahernandez.es\/cv\/marinahernandez.pdf\" target=\"_blank\" class=\"elementor-button-link elementor-button elementor-size-lg elementor-animation-pulse-grow\" role=\"button\">\n\t\t\t\t\t\t<span class=\"elementor-button-content-wrapper\">\n\t\t\t\t\t\t\t<span class=\"elementor-button-icon elementor-align-icon-left\">\n\t\t\t\t<i aria-hidden=\"true\" class=\"far fa-file-pdf\"><\/i>\t\t\t<\/span>\n\t\t\t\t\t\t<span class=\"elementor-button-text\">Curr\u00edculum<\/span>\n\t\t<\/span>\n\t\t\t\t\t<\/a>\n\t\t<\/div>\n\t\t\t\t<\/div>\n\t\t\t\t<\/div>\n\t\t\t\t\t<\/div>\n\t\t<\/div>\n\t\t\t\t\t\t\t<\/div>\n\t\t<\/section>\n\t\t\t\t\t\t\t<\/div>\n\t\t","protected":false},"excerpt":{"rendered":"<p>Bio Nacida en Madrid, se licenci\u00f3 en Arte Dram\u00e1tico en la Escuela Superior de M\u00e1laga. Con una dilatada trayectoria en teatro, entre los que destacan sus trabajos en montajes como \u201cSolas\u201d (Producida por Centro Andaluz de Teatro y Pentaci\u00f3n) y \u201cBodas de Sangre\u201d (Producida por el Centro Andaluz de Teatro y el Centro Dram\u00e1tico Nacional), [&hellip;]<\/p>\n","protected":false},"author":1,"featured_media":0,"parent":0,"menu_order":0,"comment_status":"closed","ping_status":"closed","template":"","meta":{"om_disable_all_campaigns":false,"_mi_skip_tracking":false,"footnotes":""},"class_list":["post-26","page","type-page","status-publish","hentry"],"aioseo_notices":[],"_links":{"self":[{"href":"https:\/\/marinahernandez.es\/index.php\/wp-json\/wp\/v2\/pages\/26","targetHints":{"allow":["GET"]}}],"collection":[{"href":"https:\/\/marinahernandez.es\/index.php\/wp-json\/wp\/v2\/pages"}],"about":[{"href":"https:\/\/marinahernandez.es\/index.php\/wp-json\/wp\/v2\/types\/page"}],"author":[{"embeddable":true,"href":"https:\/\/marinahernandez.es\/index.php\/wp-json\/wp\/v2\/users\/1"}],"replies":[{"embeddable":true,"href":"https:\/\/marinahernandez.es\/index.php\/wp-json\/wp\/v2\/comments?post=26"}],"version-history":[{"count":56,"href":"https:\/\/marinahernandez.es\/index.php\/wp-json\/wp\/v2\/pages\/26\/revisions"}],"predecessor-version":[{"id":984,"href":"https:\/\/marinahernandez.es\/index.php\/wp-json\/wp\/v2\/pages\/26\/revisions\/984"}],"wp:attachment":[{"href":"https:\/\/marinahernandez.es\/index.php\/wp-json\/wp\/v2\/media?parent=26"}],"curies":[{"name":"wp","href":"https:\/\/api.w.org\/{rel}","templated":true}]}}